{"id":520,"date":"2021-04-23T00:00:00","date_gmt":"2021-04-23T00:00:00","guid":{"rendered":"http:\/\/fabienrobbe.com\/wordfab\/?page_id=520"},"modified":"2024-09-17T21:06:35","modified_gmt":"2024-09-17T21:06:35","slug":"boutique","status":"publish","type":"page","link":"https:\/\/fabienrobbe.com\/wordfab\/boutique\/","title":{"rendered":"ECOUTER ET ACHETER MES ALBUMS"},"content":{"rendered":"\n\n\n<div class=\"wp-block-columns is-layout-flex wp-container-core-columns-is-layout-9d6595d7 wp-block-columns-is-layout-flex\">\n<div class=\"wp-block-column is-layout-flow wp-block-column-is-layout-flow\"><\/div>\n<\/div>\n\n\n\n<div class=\"wp-block-columns is-layout-flex wp-container-core-columns-is-layout-9d6595d7 wp-block-columns-is-layout-flex\">\n<div class=\"wp-block-column is-layout-flow wp-block-column-is-layout-flow\" style=\"flex-basis:100%\">\n<div class=\"wp-block-columns alignwide is-layout-flex wp-container-core-columns-is-layout-9d6595d7 wp-block-columns-is-layout-flex\">\n<div class=\"wp-block-column is-layout-flow wp-block-column-is-layout-flow\" style=\"flex-basis:100%\">\n<div class=\"wp-block-columns is-layout-flex wp-container-core-columns-is-layout-9d6595d7 wp-block-columns-is-layout-flex\">\n<div class=\"wp-block-column is-layout-flow wp-block-column-is-layout-flow\" style=\"flex-basis:100%\">\n<h2 class=\"wp-block-heading is-style-default\"><\/h2>\n\n\n\n<p>Retrouvez mes derni\u00e8res parutions ainsi que mes pr\u00e9c\u00e9dents album sur ma page <a href=\"https:\/\/fabienrobbe.bandcamp.com\/music\">BANDCAMP<\/a>.<\/p>\n<p>Si vous ne connaissez pas bandcamp, c&rsquo;est une plateforme d&rsquo;achat de cd&rsquo;s et de streaming qui est bien plus \u00e9quitable que les spotify, deezer, apple et cie.<\/p>\n<p>Si vous souhaitez acqu\u00e9rir mes albums par un autre moyen merci de me <a href=\"https:\/\/fabienrobbe.com\/wordfab\/contact\/\">contacter<\/a><\/p>\n<\/div>\n<\/div>\n<\/div>\n<\/div>\n<\/div>\n<\/div>\n\n\n<p><iframe style=\"border: 0; width: 100%; height: 120px;\" src=\"https:\/\/bandcamp.com\/EmbeddedPlayer\/album=649208098\/size=large\/bgcol=ffffff\/linkcol=0687f5\/tracklist=false\/artwork=small\/transparent=true\/\" seamless=\"\"><a href=\"https:\/\/fabienrobbe.bandcamp.com\/album\/en-concert-2\">en concert by ROBBE\/GLOAGUEN<\/a><\/iframe><\/p>\n\n<p><iframe style=\"border: 0; width: 100%; height: 120px;\" src=\"https:\/\/bandcamp.com\/EmbeddedPlayer\/album=3236625017\/size=large\/bgcol=ffffff\/linkcol=0687f5\/tracklist=false\/artwork=small\/transparent=true\/\" seamless><a href=\"https:\/\/fabienrobbe.bandcamp.com\/album\/sans-d-tours\">Sans d\u00e9tours by Fran\u00e7ois Tusques et Fabien Robbe<\/a><\/iframe><\/p>\n\n\n<p><iframe style=\"border: 0; width: 100%; height: 120px;\" src=\"https:\/\/bandcamp.com\/EmbeddedPlayer\/album=1966275922\/size=large\/bgcol=ffffff\/linkcol=0687f5\/tracklist=false\/artwork=small\/transparent=true\/\" seamless><a href=\"https:\/\/fabienrobbe.bandcamp.com\/album\/24-pr-ludes\">24 pr\u00e9ludes by fabien robbe<\/a><\/iframe><\/p>\n\n\n<p><iframe style=\"border: 0; width: 100%; height: 120px;\" src=\"https:\/\/bandcamp.com\/EmbeddedPlayer\/album=3222447886\/size=large\/bgcol=ffffff\/linkcol=0687f5\/tracklist=false\/artwork=small\/transparent=true\/\" seamless><a href=\"https:\/\/fabienrobbe.bandcamp.com\/album\/gardez-votre-sang-froid-ifdmo-dejazet-1984\">&quot;Gardez votre sang froid &quot;+IFDMO dejazet 1984 by robbe gloaguen quartet et l&#39;intercommunal free dance music orchestra<\/a><\/iframe><\/p>\n\n\n<p><iframe style=\"border: 0; width: 100%; height: 120px;\" src=\"https:\/\/bandcamp.com\/EmbeddedPlayer\/album=4167504157\/size=large\/bgcol=ffffff\/linkcol=0687f5\/tracklist=false\/artwork=small\/transparent=true\/\" seamless><a href=\"https:\/\/fabienrobbe.bandcamp.com\/album\/anima-animus-exp-rimental-free-jazz-trad\">ANIMA ANIMUS (exp\u00e9rimental,free jazz, trad) by ROBBE\/GLOAGUEN feat J.PALOMO<\/a><\/iframe><\/p>\n\n\n<p><iframe style=\"border: 0; width: 100%; height: 120px;\" src=\"https:\/\/bandcamp.com\/EmbeddedPlayer\/album=1109688262\/size=large\/bgcol=ffffff\/linkcol=0687f5\/tracklist=false\/artwork=small\/transparent=true\/\" seamless><a href=\"https:\/\/fabienrobbe.bandcamp.com\/album\/etats-durgences-jazz-piano-batterie\">ETATS D&#39;URGENCES (jazz-piano\/batterie) by Robbe\/Gloaguen<\/a><\/iframe><\/p>\n\n\n<p><iframe style=\"border: 0; width: 100%; height: 120px;\" src=\"https:\/\/bandcamp.com\/EmbeddedPlayer\/album=701283938\/size=large\/bgcol=ffffff\/linkcol=0687f5\/tracklist=false\/artwork=small\/transparent=true\/\" seamless><a href=\"https:\/\/fabienrobbe.bandcamp.com\/album\/da-bep-lech-piano-solo-12-compositions\">Da bep lec&#39;h (piano solo-12 compositions) by Fabien Robbe Piano solo<\/a><\/iframe><\/p>\n\n\n<p><iframe style=\"border: 0; width: 100%; height: 120px;\" src=\"https:\/\/bandcamp.com\/EmbeddedPlayer\/album=383554252\/size=large\/bgcol=ffffff\/linkcol=0687f5\/tracklist=false\/artwork=small\/transparent=true\/\" seamless><a href=\"https:\/\/fabienrobbe.bandcamp.com\/album\/kenfina-3-pi-ces-for-modular-synth\">Kenfina\u00f1 (3 pi\u00e8ces for modular synth) by fabien robbe<\/a><\/iframe><\/p>\n\n\n<p><iframe style=\"border: 0; width: 100%; height: 120px;\" src=\"https:\/\/bandcamp.com\/EmbeddedPlayer\/album=2490194758\/size=large\/bgcol=ffffff\/linkcol=0687f5\/tracklist=false\/artwork=small\/transparent=true\/\" seamless><a href=\"https:\/\/fabienrobbe.bandcamp.com\/album\/orkursus-v-bouger-les-pieds-breton-music-2016\">Ork&#39;Ursus V &quot;Bouger les pieds&quot; (Breton music-2016) by Ork&#39;Ursus V<\/a><\/iframe><\/p>\n\n\n<p><iframe style=\"border: 0; width: 100%; height: 120px;\" src=\"https:\/\/bandcamp.com\/EmbeddedPlayer\/album=3211249747\/size=large\/bgcol=ffffff\/linkcol=0687f5\/tracklist=false\/artwork=small\/transparent=true\/\" seamless><a href=\"https:\/\/fabienrobbe.bandcamp.com\/album\/orkursus-album-12-titres-breton-music-2016\">Ork&#39;Ursus album 12 titres (Breton music-2016)) by Ork&#39;Ursus LP 12 titres<\/a><\/iframe><\/p>\n\n\n<p><iframe style=\"border: 0; width: 100%; height: 120px;\" src=\"https:\/\/bandcamp.com\/EmbeddedPlayer\/album=670100994\/size=large\/bgcol=ffffff\/linkcol=0687f5\/tracklist=false\/artwork=small\/transparent=true\/\" seamless><a href=\"https:\/\/fabienrobbe.bandcamp.com\/album\/yaouank-forever-fest-noz-2007\">YAOUANK FOREVER (fest-noz-2007) by MENESTRA<\/a><\/iframe><\/p>\n\n\n<p><iframe style=\"border: 0; width: 100%; height: 120px;\" src=\"https:\/\/bandcamp.com\/EmbeddedPlayer\/album=1598096707\/size=large\/bgcol=ffffff\/linkcol=0687f5\/tracklist=false\/artwork=small\/transparent=true\/\" seamless><a href=\"https:\/\/fabienrobbe.bandcamp.com\/album\/multicartes-2004-remasterised-2018-breton-music\">Multicartes (2004) remasterised 2018 (breton music) by Menestra<\/a><\/iframe><\/p>\n\n\n<p><iframe style=\"border: 0; width: 100%; height: 120px;\" src=\"https:\/\/bandcamp.com\/EmbeddedPlayer\/album=3047414394\/size=large\/bgcol=ffffff\/linkcol=0687f5\/tracklist=false\/artwork=small\/transparent=true\/\" seamless><a href=\"https:\/\/fabienrobbe.bandcamp.com\/album\/dog-of-pride-fest-noz-2000\">DOG OF PRIDE (fest noz-2000) by fabien robbe<\/a><\/iframe><\/p>\n","protected":false},"excerpt":{"rendered":"<p>Retrouvez mes derni\u00e8res parutions ainsi que mes pr\u00e9c\u00e9dents album sur ma page BANDCAMP. Si vous ne connaissez pas bandcamp, c&rsquo;est une plateforme d&rsquo;achat de cd&rsquo;s [&#8230;]<\/p>\n","protected":false},"author":1,"featured_media":0,"parent":0,"menu_order":0,"comment_status":"closed","ping_status":"closed","template":"","meta":{"footnotes":""},"class_list":["post-520","page","type-page","status-publish","hentry"],"_links":{"self":[{"href":"https:\/\/fabienrobbe.com\/wordfab\/wp-json\/wp\/v2\/pages\/520","targetHints":{"allow":["GET"]}}],"collection":[{"href":"https:\/\/fabienrobbe.com\/wordfab\/wp-json\/wp\/v2\/pages"}],"about":[{"href":"https:\/\/fabienrobbe.com\/wordfab\/wp-json\/wp\/v2\/types\/page"}],"author":[{"embeddable":true,"href":"https:\/\/fabienrobbe.com\/wordfab\/wp-json\/wp\/v2\/users\/1"}],"replies":[{"embeddable":true,"href":"https:\/\/fabienrobbe.com\/wordfab\/wp-json\/wp\/v2\/comments?post=520"}],"version-history":[{"count":43,"href":"https:\/\/fabienrobbe.com\/wordfab\/wp-json\/wp\/v2\/pages\/520\/revisions"}],"predecessor-version":[{"id":1234,"href":"https:\/\/fabienrobbe.com\/wordfab\/wp-json\/wp\/v2\/pages\/520\/revisions\/1234"}],"wp:attachment":[{"href":"https:\/\/fabienrobbe.com\/wordfab\/wp-json\/wp\/v2\/media?parent=520"}],"curies":[{"name":"wp","href":"https:\/\/api.w.org\/{rel}","templated":true}]}}