{"id":1136,"date":"2021-04-23T00:00:00","date_gmt":"2021-04-23T00:00:00","guid":{"rendered":"http:\/\/fabienrobbe.com\/wordfab\/?page_id=1136"},"modified":"2021-04-23T09:33:06","modified_gmt":"2021-04-23T09:33:06","slug":"24-preludes-piano-solo","status":"publish","type":"page","link":"https:\/\/fabienrobbe.com\/wordfab\/24-preludes-piano-solo\/","title":{"rendered":"\u00ab\u00a024 PR\u00c9LUDES\u00a0\u00bb piano solo"},"content":{"rendered":"\n<div class=\"wp-block-columns is-layout-flex wp-container-core-columns-is-layout-9d6595d7 wp-block-columns-is-layout-flex\">\n<div class=\"wp-block-column is-layout-flow wp-block-column-is-layout-flow\" style=\"flex-basis:100%\">\n<p>Sortie en cd le 23\/04\/21 chez <a href=\"https:\/\/www.mazeto-square.com\/product-page\/24-pr%C3%A9ludes-cd\">mazeto square<\/a>. Enregistr\u00e9 chez Pierre-Yves Gardand en octobre 2020. Prise de son et mixage : Fabien Robbe, Mastering : Ludo Mesnil.<\/p>\n<\/div>\n<\/div>\n\n\n\n<div class=\"wp-block-columns is-layout-flex wp-container-core-columns-is-layout-9d6595d7 wp-block-columns-is-layout-flex\">\n<div class=\"wp-block-column is-layout-flow wp-block-column-is-layout-flow\">\n<figure class=\"wp-block-embed is-type-video is-provider-youtube wp-block-embed-youtube wp-embed-aspect-16-9 wp-has-aspect-ratio\"><div class=\"wp-block-embed__wrapper\">\n<iframe loading=\"lazy\" title=\"24 pr\u00e9ludes (piano solo) fabien robbe\" width=\"800\" height=\"450\" src=\"https:\/\/www.youtube.com\/embed\/V8fEx3WTdNU?feature=oembed\" frameborder=\"0\" allow=\"accelerometer; autoplay; clipboard-write; encrypted-media; gyroscope; picture-in-picture\" allowfullscreen><\/iframe>\n<\/div><figcaption>teaser lors de l&rsquo;enregistrement<\/figcaption><\/figure>\n\n\n\n<figure class=\"wp-block-embed is-type-video is-provider-youtube wp-block-embed-youtube wp-embed-aspect-16-9 wp-has-aspect-ratio\"><div class=\"wp-block-embed__wrapper\">\n<iframe loading=\"lazy\" title=\"24 Pr\u00e9ludes\" width=\"800\" height=\"450\" src=\"https:\/\/www.youtube.com\/embed\/videoseries?list=OLAK5uy_lG428BLwLjuRdA_o7TWdaRNAwTagQ_K8Q\" frameborder=\"0\" allow=\"accelerometer; autoplay; clipboard-write; encrypted-media; gyroscope; picture-in-picture\" allowfullscreen><\/iframe>\n<\/div><figcaption>les 24 pr\u00e9ludes en version d\u00e9mat\u00e9rialis\u00e9<\/figcaption><\/figure>\n\n\n\n<figure class=\"wp-block-image size-large\"><img loading=\"lazy\" decoding=\"async\" width=\"768\" height=\"1024\" src=\"https:\/\/fabienrobbe.com\/wordfab\/wp-content\/uploads\/2021\/04\/IMG_20210416_233337-768x1024.jpg\" alt=\"\" class=\"wp-image-1109\" srcset=\"https:\/\/fabienrobbe.com\/wordfab\/wp-content\/uploads\/2021\/04\/IMG_20210416_233337-768x1024.jpg 768w, https:\/\/fabienrobbe.com\/wordfab\/wp-content\/uploads\/2021\/04\/IMG_20210416_233337-225x300.jpg 225w, https:\/\/fabienrobbe.com\/wordfab\/wp-content\/uploads\/2021\/04\/IMG_20210416_233337-1152x1536.jpg 1152w, https:\/\/fabienrobbe.com\/wordfab\/wp-content\/uploads\/2021\/04\/IMG_20210416_233337-1536x2048.jpg 1536w, https:\/\/fabienrobbe.com\/wordfab\/wp-content\/uploads\/2021\/04\/IMG_20210416_233337-250x333.jpg 250w, https:\/\/fabienrobbe.com\/wordfab\/wp-content\/uploads\/2021\/04\/IMG_20210416_233337-38x50.jpg 38w, https:\/\/fabienrobbe.com\/wordfab\/wp-content\/uploads\/2021\/04\/IMG_20210416_233337-scaled.jpg 1920w\" sizes=\"auto, (max-width: 768px) 100vw, 768px\" \/><figcaption>24 pr\u00e9ludes pr\u00e9face D.Squiban<\/figcaption><\/figure>\n\n\n\n<figure class=\"wp-block-image size-large\"><img loading=\"lazy\" decoding=\"async\" width=\"1024\" height=\"768\" src=\"https:\/\/fabienrobbe.com\/wordfab\/wp-content\/uploads\/2021\/04\/IMG_20210416_232917-1024x768.jpg\" alt=\"\" class=\"wp-image-1107\" srcset=\"https:\/\/fabienrobbe.com\/wordfab\/wp-content\/uploads\/2021\/04\/IMG_20210416_232917-1024x768.jpg 1024w, https:\/\/fabienrobbe.com\/wordfab\/wp-content\/uploads\/2021\/04\/IMG_20210416_232917-300x225.jpg 300w, https:\/\/fabienrobbe.com\/wordfab\/wp-content\/uploads\/2021\/04\/IMG_20210416_232917-768x576.jpg 768w, https:\/\/fabienrobbe.com\/wordfab\/wp-content\/uploads\/2021\/04\/IMG_20210416_232917-1536x1152.jpg 1536w, https:\/\/fabienrobbe.com\/wordfab\/wp-content\/uploads\/2021\/04\/IMG_20210416_232917-2048x1536.jpg 2048w, https:\/\/fabienrobbe.com\/wordfab\/wp-content\/uploads\/2021\/04\/IMG_20210416_232917-250x188.jpg 250w, https:\/\/fabienrobbe.com\/wordfab\/wp-content\/uploads\/2021\/04\/IMG_20210416_232917-50x38.jpg 50w, https:\/\/fabienrobbe.com\/wordfab\/wp-content\/uploads\/2021\/04\/IMG_20210416_232917-960x720.jpg 960w\" sizes=\"auto, (max-width: 1024px) 100vw, 1024px\" \/><figcaption>inside<\/figcaption><\/figure>\n\n\n\n<figure class=\"wp-block-image size-large\"><img loading=\"lazy\" decoding=\"async\" width=\"1024\" height=\"903\" src=\"https:\/\/fabienrobbe.com\/wordfab\/wp-content\/uploads\/2021\/04\/3770005705350_HD-1024x903.jpg\" alt=\"\" class=\"wp-image-1143\" srcset=\"https:\/\/fabienrobbe.com\/wordfab\/wp-content\/uploads\/2021\/04\/3770005705350_HD-1024x903.jpg 1024w, https:\/\/fabienrobbe.com\/wordfab\/wp-content\/uploads\/2021\/04\/3770005705350_HD-300x264.jpg 300w, https:\/\/fabienrobbe.com\/wordfab\/wp-content\/uploads\/2021\/04\/3770005705350_HD-768x677.jpg 768w, https:\/\/fabienrobbe.com\/wordfab\/wp-content\/uploads\/2021\/04\/3770005705350_HD-1536x1354.jpg 1536w, https:\/\/fabienrobbe.com\/wordfab\/wp-content\/uploads\/2021\/04\/3770005705350_HD-2048x1805.jpg 2048w, https:\/\/fabienrobbe.com\/wordfab\/wp-content\/uploads\/2021\/04\/3770005705350_HD-250x220.jpg 250w, https:\/\/fabienrobbe.com\/wordfab\/wp-content\/uploads\/2021\/04\/3770005705350_HD-50x44.jpg 50w\" sizes=\"auto, (max-width: 1024px) 100vw, 1024px\" \/><\/figure>\n<\/div>\n\n\n\n<div class=\"wp-block-column is-layout-flow wp-block-column-is-layout-flow\">\n<p>Fabien Robbe offre ici son deuxi\u00e8me album de pianiste en solitaire, une suite de vingt-quatre pr\u00e9ludes dont la parution co\u00efncide avec une \u00e9tape qu&rsquo;il de sa vie qu&rsquo;il voit comme symbolique, le passage \u00e0 la quarantaine.<br \/>&#8230;Sans mauvais jeu de mot, \u00e9tant donn\u00e9 l&rsquo;\u00e9poque confin\u00e9e o\u00f9 para\u00eet ce disque. Justement, ces pr\u00e9ludes, qu&rsquo;il a commenc\u00e9 \u00e0 noter en 2017, parcourent le fil tendu entre contrainte et libert\u00e9. Les pr\u00e9ludes qu&rsquo;ont laiss\u00e9 les pionniers de cette \u00ab forme sans forme \u00bb proposaient un d\u00e9fi, un challenge, une petite pierre d&rsquo;achoppement destin\u00e9e \u00e0 stimuler la cr\u00e9ativit\u00e9. C&rsquo;est le paradoxe du pr\u00e9lude. Il y a un<br \/>fil rouge, mais on ne sait pas exactement ce qui va se<br \/>passer. C&rsquo;est comme la vie de tous les jours.<br \/>La vie de tous les jours est le sujet, pr\u00e9cis\u00e9ment le sujet, de ce nouveau travail. Fabien Robbe y met beaucoup des lieux qu&rsquo;il visite, auxquels il retourne, et des familiers qu&rsquo;il c\u00f4toie. C&rsquo;est un disque proprement autobiographique. Il faut bien l&rsquo;imaginer comme un Chopin, qui a beaucoup fait pour populariser le pr\u00e9lude, &#8211; une figure romantique arpentant sa<br \/>Beauce natale et sa Bretagne d&rsquo;\u00e9lection, un mot-cl\u00e9<br \/>naissant de ses impressions, une musique apparaissant du mot-cl\u00e9 rumin\u00e9. D&rsquo;ailleurs il ne renie pas Chopin, au contraire, il avoue que c&rsquo;est lui qui l&rsquo;a mis au piano. D&rsquo;ailleurs, il \u00e9crit \u00e0 la main. \u00c7a aussi, c&rsquo;est le romantisme. Oui, sa musique na\u00eet sans le piano, avant le piano, elle pr\u00e9c\u00e8de la technique. La musique ce sont les lieux et les gens qui vous font l&rsquo;honneur de vous accueillir. Le reste, ce ne sont que moyens techniques \u00e0 mettre en \u0153uvre \u2013 ce qui<br \/>explique la carri\u00e8re diverse de Fabien Robbe, depuis les orchestres dansants et traditionnels, Menestra, Tribuil, \u00e0 travers le free jazz (Da Bep Lech&rsquo;h en solo chez Improvising Beings, puis deux disques en association avec J\u00e9r\u00f4me Gloaguen, dont Gardez Votre Sang-Froid, recueil d&rsquo;in\u00e9dits de Fran\u00e7ois Tusques, paru chez Mazeto Square), jusqu&rsquo;\u00e0 l&rsquo;\u00e9lectronique exp\u00e9rimentale (Anima Animus,<br \/>\u00e9galement chez Mazeto Square, Behind The Mirror chez MuteAnts Sounds). Diverse, mais stylistiquement coh\u00e9rente. Ces exp\u00e9riences (et ces figures) se retrouvent donc dans les pr\u00e9ludes. Mais r\u00e9duites \u00e0 une expression simple (plut\u00f4t que la proverbiale \u00ab plus simple expression \u00bb). Pr\u00e9lude : une forme qui proclame que point n&rsquo;est besoin de plus. De m\u00eame que les po\u00e8mes qui accompagnent le disque, le piano-pr\u00e9lude esquisse une r\u00e9f\u00e9rence, mais l&rsquo;imaginaire doit remplir les blancs. Comme il l&rsquo;entend. L&rsquo;auditeur n&rsquo;est pas invit\u00e9 \u00e0 s&rsquo;arr\u00eater, \u00e0 se fixer. L&rsquo;ambiance d&rsquo;abord \u2013 le pr\u00e9lude n&rsquo;est-il pas un anc\u00eatre de la musique ambient ? L&rsquo;inspiration, surtout quand elle est dict\u00e9e par d&rsquo;autres musiciens (p\u00eale-m\u00eame, Chopin, Debussy, Fran\u00e7ois Tusques et donc Monk et Bud Powell), ne veut pas dire \u00ab faire comme \u00bb. On entendra dans ces vingt-quatre pr\u00e9ludes des clins d&rsquo;\u0153il, la citation est dans le jazz, c&rsquo;est comme \u00e7a, mais pas de pastiche. Des emprunts techniques ou m\u00e9lodiques, oui, des marqueurs : un coup de gavotte, mais c&rsquo;est pas le bon rythme, le pr\u00e9lude en sol majeur de Chopin, encore lui, qui tra\u00eene dans une main gauche. Des h\u00e9r\u00e9sies ludiques : un blues en mode majeur, une toccata de Bach m\u00e2tin\u00e9e de Mal Waldron. Bref, vingt-quatre fa\u00e7ons de bien s&rsquo;entendre avec le piano, avec qui il a eu une histoire&#8230; Parfois chaotique ;hommage est rendu aux \u00abgrands barbus \u00bb, dixit, qui l&rsquo;ont snob\u00e9 \u00e0 l&rsquo;entr\u00e9e du conservatoire&#8230; Parfois apaisante ; depuis gamin, il voulait composer, et ce disque marque la pl\u00e9nitude de \u00ab l&rsquo;\u00e9tat de compositeur \u00bb, apr\u00e8s la conqu\u00eate des \u00ab \u00e9tats d&rsquo;urgence \u00bb collectifs d&rsquo;un disque pr\u00e9c\u00e9dent&#8230;<br \/>Avec tout \u00e7a, il ne sait toujours pas jouer Chopin. De toute fa\u00e7on, \u00e7a le faisait ch*** de massacrer une \u00e9ni\u00e8me fois les grands compositeurs. Autant se massacrer soi-m\u00eame.<br \/>Chacun ses standards<\/p>\n<\/div>\n<\/div>\n","protected":false},"excerpt":{"rendered":"<p>Sortie en cd le 23\/04\/21 chez mazeto square. Enregistr\u00e9 chez Pierre-Yves Gardand en octobre 2020. Prise de son et mixage : Fabien Robbe, Mastering : [&#8230;]<\/p>\n","protected":false},"author":1,"featured_media":0,"parent":0,"menu_order":0,"comment_status":"closed","ping_status":"closed","template":"","meta":{"footnotes":""},"class_list":["post-1136","page","type-page","status-publish","hentry"],"_links":{"self":[{"href":"https:\/\/fabienrobbe.com\/wordfab\/wp-json\/wp\/v2\/pages\/1136","targetHints":{"allow":["GET"]}}],"collection":[{"href":"https:\/\/fabienrobbe.com\/wordfab\/wp-json\/wp\/v2\/pages"}],"about":[{"href":"https:\/\/fabienrobbe.com\/wordfab\/wp-json\/wp\/v2\/types\/page"}],"author":[{"embeddable":true,"href":"https:\/\/fabienrobbe.com\/wordfab\/wp-json\/wp\/v2\/users\/1"}],"replies":[{"embeddable":true,"href":"https:\/\/fabienrobbe.com\/wordfab\/wp-json\/wp\/v2\/comments?post=1136"}],"version-history":[{"count":6,"href":"https:\/\/fabienrobbe.com\/wordfab\/wp-json\/wp\/v2\/pages\/1136\/revisions"}],"predecessor-version":[{"id":1161,"href":"https:\/\/fabienrobbe.com\/wordfab\/wp-json\/wp\/v2\/pages\/1136\/revisions\/1161"}],"wp:attachment":[{"href":"https:\/\/fabienrobbe.com\/wordfab\/wp-json\/wp\/v2\/media?parent=1136"}],"curies":[{"name":"wp","href":"https:\/\/api.w.org\/{rel}","templated":true}]}}